{"id":80,"date":"2023-05-26T10:51:50","date_gmt":"2023-05-26T13:51:50","guid":{"rendered":"https:\/\/pluginsds.com\/sites\/?post_type=product&#038;p=80"},"modified":"2024-04-17T16:06:26","modified_gmt":"2024-04-17T19:06:26","slug":"2-pecas-de-anel-dourado-de-decoracao-de-zircao","status":"publish","type":"product","link":"https:\/\/gvlabs.com.br\/amoreljoias\/produto\/2-pecas-de-anel-dourado-de-decoracao-de-zircao\/","title":{"rendered":"2 pe\u00e7as de anel Dourado de decora\u00e7\u00e3o de zirc\u00e3o"},"content":{"rendered":"","protected":false},"excerpt":{"rendered":"","protected":false},"featured_media":124,"comment_status":"open","ping_status":"closed","template":"","meta":[],"product_brand":[],"product_cat":[47,46],"product_tag":[],"class_list":{"0":"post-80","1":"product","2":"type-product","3":"status-publish","4":"has-post-thumbnail","6":"product_cat-aneis","7":"product_cat-conjuntos","9":"first","10":"instock","11":"shipping-taxable","12":"purchasable","13":"product-type-variable"},"_links":{"self":[{"href":"https:\/\/gvlabs.com.br\/amoreljoias\/wp-json\/wp\/v2\/product\/80","targetHints":{"allow":["GET"]}}],"collection":[{"href":"https:\/\/gvlabs.com.br\/amoreljoias\/wp-json\/wp\/v2\/product"}],"about":[{"href":"https:\/\/gvlabs.com.br\/amoreljoias\/wp-json\/wp\/v2\/types\/product"}],"replies":[{"embeddable":true,"href":"https:\/\/gvlabs.com.br\/amoreljoias\/wp-json\/wp\/v2\/comments?post=80"}],"wp:featuredmedia":[{"embeddable":true,"href":"https:\/\/gvlabs.com.br\/amoreljoias\/wp-json\/wp\/v2\/media\/124"}],"wp:attachment":[{"href":"https:\/\/gvlabs.com.br\/amoreljoias\/wp-json\/wp\/v2\/media?parent=80"}],"wp:term":[{"taxonomy":"product_brand","embeddable":true,"href":"https:\/\/gvlabs.com.br\/amoreljoias\/wp-json\/wp\/v2\/product_brand?post=80"},{"taxonomy":"product_cat","embeddable":true,"href":"https:\/\/gvlabs.com.br\/amoreljoias\/wp-json\/wp\/v2\/product_cat?post=80"},{"taxonomy":"product_tag","embeddable":true,"href":"https:\/\/gvlabs.com.br\/amoreljoias\/wp-json\/wp\/v2\/product_tag?post=80"}],"curies":[{"name":"wp","href":"https:\/\/api.w.org\/{rel}","templated":true}]}}